{"id":201,"date":"2022-11-26T19:35:43","date_gmt":"2022-11-26T18:35:43","guid":{"rendered":"http:\/\/www.gymnasium-schkeuditz.de\/?page_id=201"},"modified":"2024-09-09T11:11:43","modified_gmt":"2024-09-09T09:11:43","slug":"ganztagesangebot-gta","status":"publish","type":"page","link":"https:\/\/www.gymnasium-schkeuditz.de\/?page_id=201","title":{"rendered":"Ganztagesangebot (GTA)"},"content":{"rendered":"\n<p><strong>KIND SEIN UND ERWACHSEN WERDEN<\/strong>&nbsp;<\/p>\n\n\n\n<ul class=\"wp-block-list\">\n<li>Eine Vielzahl von Angeboten\u202fzur fakultativen Teilnahme stehen den Sch\u00fclerinnen und Sch\u00fclern aller Klassenstufen nach dem Fachunterricht zur Verf\u00fcgung: Sportangebote, Hausaufgabenbetreuung, Fotografie, F\u00f6rder- und Forderangebote verschiedener F\u00e4cher, \u00d6kologie, Kunst und Musik (Chor und Band).&nbsp;<\/li>\n\n\n\n<li>Es besteht eine\u202fKooperation mit der Kreismusikschule Nordsachen und der Volkshochschule Nordsachsen, mit\u202fden Sportvereinen aus Schkeuditz, dem Flughafen Leipzig-Halle und weiteren externen Partnern aus Schkeuditz und Leipzig.&nbsp;<\/li>\n\n\n\n<li>Aus dem GTA-Bereich heraus nehmen unsere Sch\u00fclerinnen und Sch\u00fcler erfolgreich an zahlreichen Wettk\u00e4mpfen teil (Leipzig-Marathon, Wildwasserrafting, Tischkickerturniere, Fu\u00dfballturniere).&nbsp;<\/li>\n<\/ul>\n\n\n\n<hr class=\"wp-block-separator has-alpha-channel-opacity\"\/>\n\n\n\n<p><strong>Hinweise zu den laufenden GTA-Angeboten<\/strong>&nbsp;<\/p>\n\n\n\n<p>Liebe Eltern, <\/p>\n\n\n\n<p>sollten Sie noch Fragen zum GTA haben, die nicht von den Kursleitern oder Klassenlehrern beantwortet werden k\u00f6nnen, nutzen Sie bitte folgende Email-Adresse: c.brandenburg@gymnasium-schkeuditz.de. Ich werde alle Fragen so schnell wie m\u00f6glich beantworten. Ich w\u00fcnsche allen Sch\u00fclern und Kursleitern viel Spa\u00df beim Schnuppern und viele kreative Ideen bei der Umsetzung der Kursinhalte. Bitte informieren Sie sich \u00fcber \u00c4nderungen im Plan \u00fcber unsere Homepage oder an den Aush\u00e4ngen in der Schule.&nbsp;<br>Bitte beachten Sie auch, dass alle Angebote der Musikschule mit den jeweiligen Kursleitern oder unter der angegebenen Nummer (<a rel=\"noreferrer noopener\" href=\"tel:03421\/%207587285\" target=\"_blank\">03421\/ 7587285<\/a>\u202f, Frau Lukas) abgesprochen werden m\u00fcssen. <\/p>\n\n\n\n<p>Christiane Brandenburg (GTA-Koordinator\/Haus Schkeuditz)&nbsp;<\/p>\n\n\n\n<hr class=\"wp-block-separator has-alpha-channel-opacity\"\/>\n\n\n\n<p class=\"has-text-align-center has-vivid-red-color has-text-color\" style=\"font-size:22px\"><a href=\"https:\/\/www.lernsax.de\" target=\"_blank\" rel=\"noreferrer noopener\"><strong>Der aktuelle GTA-Plan ist auf LernSax zu finden.<\/strong>&nbsp;<\/a><\/p>\n\n\n\n<hr class=\"wp-block-separator has-alpha-channel-opacity\"\/>\n\n\n\n<div class=\"wp-block-group has-medium-font-size is-horizontal is-content-justification-right is-layout-flex wp-container-core-group-is-layout-e867b9bf wp-block-group-is-layout-flex\">\n<figure class=\"wp-block-image is-resized is-style-rounded\"><a href=\"https:\/\/www.gymnasium-schkeuditz.de\/wp-content\/uploads\/2022\/11\/Musikschule.png\"><img loading=\"lazy\" decoding=\"async\" width=\"600\" height=\"75\" src=\"https:\/\/www.gymnasium-schkeuditz.de\/wp-content\/uploads\/2022\/11\/Musikschule.png\" alt=\"\" class=\"wp-image-202\" style=\"width:352px;height:44px\" srcset=\"https:\/\/www.gymnasium-schkeuditz.de\/wp-content\/uploads\/2022\/11\/Musikschule.png 600w, https:\/\/www.gymnasium-schkeuditz.de\/wp-content\/uploads\/2022\/11\/Musikschule-300x38.png 300w\" sizes=\"auto, (max-width: 600px) 100vw, 600px\" \/><\/a><\/figure>\n<\/div>\n\n\n\n<p><strong>Sehr geehrte Eltern,<\/strong>&nbsp;<\/p>\n\n\n\n<p>die Au\u00dfenstelle Schkeuditz der Kreismusikschule bietet im Maria-Merian-Gymnasium, in der Leibniz-Grundschule und im Kulturhaus Sonne folgende Unterrichtsangebote an:\u202f\u202fTanz (verschiedene Altersgruppen), Gesang, Gitarre, Klavier, Violine, Blockfl\u00f6te, Querfl\u00f6te, Keyboard, Trompete und Waldhorn.<\/p>\n\n\n\n<p>Die Termine werden jeweils individuell mit den Fachlehrern abgesprochen. Rechtzeitige Anmeldungen auf der Webseite der Musikschule\u00a0<strong><a href=\"http:\/\/www.heinrichschuetz.de\/\">www.heinrichschuetz.de<\/a><\/strong>\u00a0werden aufgrund begrenzter Unterrichtspl\u00e4tze empfohlen. Mit Zustandekommen der ersten Unterrichtsstunde wird nach der vorvertraglichen Online-Anmeldung der kostenpflichtige Vertrag wirksam.<\/p>\n\n\n\n<p>Der Unterrichtsbeginn kann zum Schuljahresanfang oder monatlich erfolgen. Schnupperstunden sind auf Wunsch und Absprache gegen ein Entgelt m\u00f6glich. Bitte bei Interesse in der Delitzscher Gesch\u00e4ftsstelle nachfragen oder online das Anmeldeformular ausf\u00fcllen.<\/p>\n\n\n\n<p>Bei Neuaufnahme wird ein einmaliges Bearbeitungsentgelt von 20,00 Euro erhoben. Instrumente k\u00f6nnen im Rahmen unserer M\u00f6glichkeiten gegen Geb\u00fchr ausgeliehen werden.<\/p>\n\n\n\n<p>Weitere Ausk\u00fcnfte erhalten Sie telefonisch unter der Nummer&nbsp;<strong>03421-758 7285<\/strong>&nbsp;und per E-Mail:&nbsp;<strong><a href=\"mailto:delitzsch@heinrichschuetz.de\">delitzsch@heinrichschuetz.de<\/a><\/strong><strong><\/strong><strong><\/strong><\/p>\n\n\n\n<p>Sabine Heller<\/p>\n\n\n\n<p>Au\u00dfenstellenleiterin\u00a0<\/p>\n","protected":false},"excerpt":{"rendered":"<p>KIND SEIN UND ERWACHSEN WERDEN&nbsp; Hinweise zu den laufenden GTA-Angeboten&nbsp; Liebe Eltern, sollten Sie noch Fragen zum GTA haben, die nicht von den Kursleitern oder Klassenlehrern beantwortet werden k\u00f6nnen, nutzen Sie bitte folgende Email-Adresse: c.brandenburg@gymnasium-schkeuditz.de. Ich werde alle Fragen so schnell wie m\u00f6glich beantworten. Ich w\u00fcnsche allen Sch\u00fclern und Kursleitern viel Spa\u00df beim Schnuppern und viele kreative Ideen bei der [&hellip;]<\/p>\n","protected":false},"author":2,"featured_media":0,"parent":0,"menu_order":0,"comment_status":"closed","ping_status":"closed","template":"","meta":{"footnotes":""},"class_list":["post-201","page","type-page","status-publish","hentry"],"_links":{"self":[{"href":"https:\/\/www.gymnasium-schkeuditz.de\/index.php?rest_route=\/wp\/v2\/pages\/201","targetHints":{"allow":["GET"]}}],"collection":[{"href":"https:\/\/www.gymnasium-schkeuditz.de\/index.php?rest_route=\/wp\/v2\/pages"}],"about":[{"href":"https:\/\/www.gymnasium-schkeuditz.de\/index.php?rest_route=\/wp\/v2\/types\/page"}],"author":[{"embeddable":true,"href":"https:\/\/www.gymnasium-schkeuditz.de\/index.php?rest_route=\/wp\/v2\/users\/2"}],"replies":[{"embeddable":true,"href":"https:\/\/www.gymnasium-schkeuditz.de\/index.php?rest_route=%2Fwp%2Fv2%2Fcomments&post=201"}],"version-history":[{"count":10,"href":"https:\/\/www.gymnasium-schkeuditz.de\/index.php?rest_route=\/wp\/v2\/pages\/201\/revisions"}],"predecessor-version":[{"id":12503,"href":"https:\/\/www.gymnasium-schkeuditz.de\/index.php?rest_route=\/wp\/v2\/pages\/201\/revisions\/12503"}],"wp:attachment":[{"href":"https:\/\/www.gymnasium-schkeuditz.de\/index.php?rest_route=%2Fwp%2Fv2%2Fmedia&parent=201"}],"curies":[{"name":"wp","href":"https:\/\/api.w.org\/{rel}","templated":true}]}}