{"id":167,"date":"2023-01-06T21:40:29","date_gmt":"2023-01-06T20:40:29","guid":{"rendered":"http:\/\/www.gymnasium-schkeuditz.de\/?page_id=167"},"modified":"2025-08-07T13:33:13","modified_gmt":"2025-08-07T11:33:13","slug":"kontakt-und-impressum","status":"publish","type":"page","link":"https:\/\/www.gymnasium-schkeuditz.de\/?page_id=167","title":{"rendered":"Kontakt und Impressum"},"content":{"rendered":"\n<h4 class=\"wp-block-heading\">Kontakt<\/h4>\n\n\n\n<figure class=\"wp-block-table is-style-stripes\"><table class=\"has-fixed-layout\"><tbody><tr><td><strong>Anschrift:<\/strong><\/td><td><strong>Kontakt:<\/strong><\/td><\/tr><tr><td>Gymnasium Schkeuditz<br>Lessingstra\u00dfe 10<br>04435 Schkeuditz<\/td><td>Tel: 034204\/62622<br>Fax: 034204\/899000<br>Mail: Email: <a href=\"mailto:sekretariat@gymnasium-schkeuditz.de\">sekretariat@gymnasium-schkeuditz.de<\/a><\/td><\/tr><\/tbody><\/table><\/figure>\n\n\n\n<h4 class=\"wp-block-heading\">Ansprechpartner<\/h4>\n\n\n\n<p><strong>Schulleiter: <\/strong>Herr T. Sch\u00f6nfeldt<\/p>\n\n\n\n<p><strong>Stellvertretende Schulleiterin:<\/strong> Frau H. Sch\u00f6ne<\/p>\n\n\n\n<p><strong>Oberstufenberaterin:<\/strong> Frau S. Fritzsch<\/p>\n\n\n\n<p><strong>Sekretariat: <\/strong>Frau Lau \/ Frau Kleinhans<\/p>\n\n\n\n<h4 class=\"wp-block-heading\">Fachleiter<\/h4>\n\n\n\n<p>Frau C. Liebig, mathematisch-naturwissenschaftlicher Fachbereich<\/p>\n\n\n\n<p>Herr S. Krebs, gesellschaftswissenschaftlicher Fachbereich<\/p>\n\n\n\n<p>Frau A. Schliemann, sprachlicher Fachbereich<\/p>\n\n\n\n<p><strong>Verantwortliche f\u00fcr \u00d6ffentlichkeits- und Pressearbeit:<\/strong> Frau A. Schliemann<\/p>\n\n\n\n<p><\/p>\n\n\n\n<h4 class=\"wp-block-heading\">Schulkonferenz<\/h4>\n\n\n\n<p>Vorsitzender: Herr T. Sch\u00f6nfeldt<\/p>\n\n\n\n<figure class=\"wp-block-table is-style-stripes\"><table class=\"has-fixed-layout\"><thead><tr><th class=\"has-text-align-left\" data-align=\"left\">Lehrervertreter<\/th><th class=\"has-text-align-left\" data-align=\"left\"><strong>Elternvertreter<\/strong><\/th><th class=\"has-text-align-left\" data-align=\"left\"><strong>Sch\u00fclervertreter<\/strong><\/th><th class=\"has-text-align-left\" data-align=\"left\">Schultr\u00e4ger<\/th><\/tr><\/thead><tbody><tr><td class=\"has-text-align-left\" data-align=\"left\">Frau Markert<\/td><td class=\"has-text-align-left\" data-align=\"left\">Frau M\u00f6ritz<\/td><td class=\"has-text-align-left\" data-align=\"left\">R. Langer<\/td><td class=\"has-text-align-left\" data-align=\"left\">Frau Schr\u00f6ter<\/td><\/tr><tr><td class=\"has-text-align-left\" data-align=\"left\">Herr Hirn<\/td><td class=\"has-text-align-left\" data-align=\"left\">Frau Wilke<\/td><td class=\"has-text-align-left\" data-align=\"left\">P. Wagner<\/td><td class=\"has-text-align-left\" data-align=\"left\">Herr Mescheder<\/td><\/tr><tr><td class=\"has-text-align-left\" data-align=\"left\">Herr Korb<\/td><td class=\"has-text-align-left\" data-align=\"left\">Frau Dr. Schoch<\/td><td class=\"has-text-align-left\" data-align=\"left\"><\/td><td class=\"has-text-align-left\" data-align=\"left\"><\/td><\/tr><tr><td class=\"has-text-align-left\" data-align=\"left\">Herr Rudolph<\/td><td class=\"has-text-align-left\" data-align=\"left\">Frau Schimmelpfennig<\/td><td class=\"has-text-align-left\" data-align=\"left\"><\/td><td class=\"has-text-align-left\" data-align=\"left\"><\/td><\/tr><\/tbody><\/table><\/figure>\n\n\n\n<p><\/p>\n\n\n\n<h4 class=\"wp-block-heading\">Schultr\u00e4ger<\/h4>\n\n\n<p class=\"MsoNoSpacing\">Landkreis Nordsachsen<br \/>vertreten durch: Landrat K. Emanuel<br \/>Schlo\u00dfstra\u00dfe 25<br \/>04860 Torgau<\/p>\n<p><!-- \/wp:post-content --><!-- wp:paragraph \/--><\/p>\n<p><!-- wp:separator --><\/p>\n<hr class=\"wp-block-separator has-alpha-channel-opacity\">\n<!-- \/wp:separator --><\/p>\n<p><!-- wp:paragraph --><\/p>\n<p><strong>Rechtliche Hinweise:<\/strong><\/p>\n<p><!-- \/wp:paragraph --><\/p>\n<p><!-- wp:list --><\/p>\n<ul><!-- wp:list-item --><\/p>\n<li>Jedwede gewerbliche Nutzung oder Ver\u00f6ffentlichung zum Zwecke des Verkaufs verboten.<\/li>\n<p><!-- \/wp:list-item --><\/p>\n<p><!-- wp:list-item --><\/p>\n<li>Ver\u00f6ffentlichungen in anderen Publikationen nur mit Genehmigung des Autors der jeweiligen Seite.<\/li>\n<p><!-- \/wp:list-item --><\/p>\n<p><!-- wp:list-item --><\/p>\n<li>Ausdr\u00fccklich wird auch auf den Haftungsausschlu\u00df (Disclaimer) verwiesen.<\/li>\n<p><!-- \/wp:list-item --><\/p>\n<\/ul>\n<p><!-- \/wp:list --><\/p>\n<p><!-- wp:paragraph --><\/p>\n<p><!-- \/wp:paragraph --><\/p>\n<p><!-- wp:paragraph --><\/p>\n<p><strong>Transparenzhinweis:<\/strong><\/p>\n<p><!-- \/wp:paragraph --><\/p>\n<p><!-- wp:paragraph --><\/p>\n<p>Ab 1. Januar 2023 ist das S\u00e4chsische Transparenzgesetz vom 19. August 2022 (S\u00e4chs-GVBl. S. 486) in Kraft. Es gew\u00e4hrt jeder Person ein Recht auf Zugang zu den bei einer transparenzpflichtigen Stelle im Freistaat Sachsen verf\u00fcgbaren Informationen, soweit keine Ausnahme gilt (Transparenzanspruch). Schulen sind transparenzpflichtige Stellen nur, soweit Informationen \u00fcber den Namen von Drittmittelgebern, die H\u00f6he der Drittmittel und die Laufzeit der mit Drittmitteln finanzierten abgeschlossenen Forschungsvorhaben betroffen sind.<\/p>\n<p><!-- \/wp:paragraph --><\/p>\n<p><!-- wp:paragraph --><\/p>\n<p><strong>Hilfe \/ Kontakt Homepageteam:<\/strong><\/p>\n<p><!-- \/wp:paragraph --><\/p>\n<p><!-- wp:paragraph --><\/p>\n<p>Hilfe zur Homepage erhaltet ihr unter support@gymnasium-schkeuditz.de<\/p>\n<p><!-- \/wp:paragraph --><\/p>\n<p><!-- wp:paragraph --><\/p>\n<p>\u200b<\/p>\n<p><!-- \/wp:paragraph --><\/p>","protected":false},"excerpt":{"rendered":"<p>Kontakt Anschrift: Kontakt: Gymnasium SchkeuditzLessingstra\u00dfe 1004435 Schkeuditz Tel: 034204\/62622Fax: 034204\/899000Mail: Email: sekretariat@gymnasium-schkeuditz.de Ansprechpartner Schulleiter: Herr T. Sch\u00f6nfeldt Stellvertretende Schulleiterin: Frau H. Sch\u00f6ne Oberstufenberaterin: Frau S. Fritzsch Sekretariat: Frau Lau \/ Frau Kleinhans Fachleiter Frau C. Liebig, mathematisch-naturwissenschaftlicher Fachbereich Herr S. Krebs, gesellschaftswissenschaftlicher Fachbereich Frau A. Schliemann, sprachlicher Fachbereich Verantwortliche f\u00fcr \u00d6ffentlichkeits- und Pressearbeit: Frau A. Schliemann Schulkonferenz Vorsitzender: Herr T. [&hellip;]<\/p>\n","protected":false},"author":2,"featured_media":0,"parent":0,"menu_order":0,"comment_status":"closed","ping_status":"closed","template":"","meta":{"footnotes":""},"class_list":["post-167","page","type-page","status-publish","hentry"],"_links":{"self":[{"href":"https:\/\/www.gymnasium-schkeuditz.de\/index.php?rest_route=\/wp\/v2\/pages\/167","targetHints":{"allow":["GET"]}}],"collection":[{"href":"https:\/\/www.gymnasium-schkeuditz.de\/index.php?rest_route=\/wp\/v2\/pages"}],"about":[{"href":"https:\/\/www.gymnasium-schkeuditz.de\/index.php?rest_route=\/wp\/v2\/types\/page"}],"author":[{"embeddable":true,"href":"https:\/\/www.gymnasium-schkeuditz.de\/index.php?rest_route=\/wp\/v2\/users\/2"}],"replies":[{"embeddable":true,"href":"https:\/\/www.gymnasium-schkeuditz.de\/index.php?rest_route=%2Fwp%2Fv2%2Fcomments&post=167"}],"version-history":[{"count":14,"href":"https:\/\/www.gymnasium-schkeuditz.de\/index.php?rest_route=\/wp\/v2\/pages\/167\/revisions"}],"predecessor-version":[{"id":12985,"href":"https:\/\/www.gymnasium-schkeuditz.de\/index.php?rest_route=\/wp\/v2\/pages\/167\/revisions\/12985"}],"wp:attachment":[{"href":"https:\/\/www.gymnasium-schkeuditz.de\/index.php?rest_route=%2Fwp%2Fv2%2Fmedia&parent=167"}],"curies":[{"name":"wp","href":"https:\/\/api.w.org\/{rel}","templated":true}]}}

<h4 class="wp-block-heading">Kontakt</h4>



<figure class="wp-block-table is-style-stripes"><table class="has-fixed-layout"><tbody><tr><td><strong>Anschrift:</strong></td><td><strong>Kontakt:</strong></td></tr><tr><td>Gymnasium Schkeuditz<br>Lessingstraße 10<br>04435 Schkeuditz</td><td>Tel: 034204/62622<br>Fax: 034204/899000<br>Mail: Email: <a href="mailto:sekretariat@gymnasium-schkeuditz.de">sekretariat@gymnasium-schkeuditz.de</a></td></tr></tbody></table></figure>



<h4 class="wp-block-heading">Ansprechpartner</h4>



<p><strong>Schulleiter: </strong>Herr T. Schönfeldt</p>



<p><strong>Stellvertretende Schulleiterin:</strong> Frau H. Schöne</p>



<p><strong>Oberstufenberaterin:</strong> Frau S. Fritzsch</p>



<p><strong>Sekretariat: </strong>Frau Lau / Frau Kleinhans</p>



<h4 class="wp-block-heading">Fachleiter</h4>



<p>Frau C. Liebig, mathematisch-naturwissenschaftlicher Fachbereich</p>



<p>Herr S. Krebs, gesellschaftswissenschaftlicher Fachbereich</p>



<p>Frau A. Schliemann, sprachlicher Fachbereich</p>



<p><strong>Verantwortliche für Öffentlichkeits- und Pressearbeit:</strong> Frau A. Schliemann</p>



<p></p>



<h4 class="wp-block-heading">Schulkonferenz</h4>



<p>Vorsitzender: Herr T. Schönfeldt</p>



<figure class="wp-block-table is-style-stripes"><table class="has-fixed-layout"><thead><tr><th class="has-text-align-left" data-align="left">Lehrervertreter</th><th class="has-text-align-left" data-align="left"><strong>Elternvertreter</strong></th><th class="has-text-align-left" data-align="left"><strong>Schülervertreter</strong></th><th class="has-text-align-left" data-align="left">Schulträger</th></tr></thead><tbody><tr><td class="has-text-align-left" data-align="left">Frau Markert</td><td class="has-text-align-left" data-align="left">Frau Möritz</td><td class="has-text-align-left" data-align="left">R. Langer</td><td class="has-text-align-left" data-align="left">Frau Schröter</td></tr><tr><td class="has-text-align-left" data-align="left">Herr Hirn</td><td class="has-text-align-left" data-align="left">Frau Wilke</td><td class="has-text-align-left" data-align="left">P. Wagner</td><td class="has-text-align-left" data-align="left">Herr Mescheder</td></tr><tr><td class="has-text-align-left" data-align="left">Herr Korb</td><td class="has-text-align-left" data-align="left">Frau Dr. Schoch</td><td class="has-text-align-left" data-align="left"></td><td class="has-text-align-left" data-align="left"></td></tr><tr><td class="has-text-align-left" data-align="left">Herr Rudolph</td><td class="has-text-align-left" data-align="left">Frau Schimmelpfennig</td><td class="has-text-align-left" data-align="left"></td><td class="has-text-align-left" data-align="left"></td></tr></tbody></table></figure>



<p></p>



<h4 class="wp-block-heading">Schulträger</h4>


<p class="MsoNoSpacing">Landkreis Nordsachsen<br />vertreten durch: Landrat K. Emanuel<br />Schloßstraße 25<br />04860 Torgau</p>
<p><!-- /wp:post-content --><!-- wp:paragraph /--></p>
<p><!-- wp:separator --></p>
<hr class="wp-block-separator has-alpha-channel-opacity">
<!-- /wp:separator --></p>
<p><!-- wp:paragraph --></p>
<p><strong>Rechtliche Hinweise:</strong></p>
<p><!-- /wp:paragraph --></p>
<p><!-- wp:list --></p>
<ul><!-- wp:list-item --></p>
<li>Jedwede gewerbliche Nutzung oder Veröffentlichung zum Zwecke des Verkaufs verboten.</li>
<p><!-- /wp:list-item --></p>
<p><!-- wp:list-item --></p>
<li>Veröffentlichungen in anderen Publikationen nur mit Genehmigung des Autors der jeweiligen Seite.</li>
<p><!-- /wp:list-item --></p>
<p><!-- wp:list-item --></p>
<li>Ausdrücklich wird auch auf den Haftungsausschluß (Disclaimer) verwiesen.</li>
<p><!-- /wp:list-item --></p>
</ul>
<p><!-- /wp:list --></p>
<p><!-- wp:paragraph --></p>
<p><!-- /wp:paragraph --></p>
<p><!-- wp:paragraph --></p>
<p><strong>Transparenzhinweis:</strong></p>
<p><!-- /wp:paragraph --></p>
<p><!-- wp:paragraph --></p>
<p>Ab 1. Januar 2023 ist das Sächsische Transparenzgesetz vom 19. August 2022 (Sächs-GVBl. S. 486) in Kraft. Es gewährt jeder Person ein Recht auf Zugang zu den bei einer transparenzpflichtigen Stelle im Freistaat Sachsen verfügbaren Informationen, soweit keine Ausnahme gilt (Transparenzanspruch). Schulen sind transparenzpflichtige Stellen nur, soweit Informationen über den Namen von Drittmittelgebern, die Höhe der Drittmittel und die Laufzeit der mit Drittmitteln finanzierten abgeschlossenen Forschungsvorhaben betroffen sind.</p>
<p><!-- /wp:paragraph --></p>
<p><!-- wp:paragraph --></p>
<p><strong>Hilfe / Kontakt Homepageteam:</strong></p>
<p><!-- /wp:paragraph --></p>
<p><!-- wp:paragraph --></p>
<p>Hilfe zur Homepage erhaltet ihr unter support@gymnasium-schkeuditz.de</p>
<p><!-- /wp:paragraph --></p>
<p><!-- wp:paragraph --></p>
<p>​</p>
<p><!-- /wp:paragraph --></p>

<p>Kontakt Anschrift: Kontakt: Gymnasium SchkeuditzLessingstraße 1004435 Schkeuditz Tel: 034204/62622Fax: 034204/899000Mail: Email: sekretariat@gymnasium-schkeuditz.de Ansprechpartner Schulleiter: Herr T. Schönfeldt Stellvertretende Schulleiterin: Frau H. Schöne Oberstufenberaterin: Frau S. Fritzsch Sekretariat: Frau Lau / Frau Kleinhans Fachleiter Frau C. Liebig, mathematisch-naturwissenschaftlicher Fachbereich Herr S. Krebs, gesellschaftswissenschaftlicher Fachbereich Frau A. Schliemann, sprachlicher Fachbereich Verantwortliche für Öffentlichkeits- und Pressearbeit: Frau A. Schliemann Schulkonferenz Vorsitzender: Herr T. [&hellip;]</p>
