{"id":124,"date":"2022-11-20T16:11:50","date_gmt":"2022-11-20T15:11:50","guid":{"rendered":"http:\/\/www.gymnasium-schkeuditz.de\/?page_id=124"},"modified":"2025-10-25T20:09:44","modified_gmt":"2025-10-25T18:09:44","slug":"elternrat","status":"publish","type":"page","link":"https:\/\/www.gymnasium-schkeuditz.de\/?page_id=124","title":{"rendered":"Der Elternrat stellt sich vor"},"content":{"rendered":"\n<p>Den Elternrat bilden die gew\u00e4hlten Elternsprecher der 35 Klassen und Kurse unserer Schule. Die Mitwirkungsrechte der Elternvertretung werden in der Klassenelternvertretung, der Schulkonferenz und im Kreiselternrat ehrenamtlich wahrgenommen. <\/p>\n\n\n<div class=\"wp-block-image\">\n<figure class=\"aligncenter size-full\"><img loading=\"lazy\" decoding=\"async\" width=\"450\" height=\"608\" src=\"https:\/\/www.gymnasium-schkeuditz.de\/wp-content\/uploads\/2025\/10\/ER-2025_261-1.jpg\" alt=\"\" class=\"wp-image-13080\" srcset=\"https:\/\/www.gymnasium-schkeuditz.de\/wp-content\/uploads\/2025\/10\/ER-2025_261-1.jpg 450w, https:\/\/www.gymnasium-schkeuditz.de\/wp-content\/uploads\/2025\/10\/ER-2025_261-1-222x300.jpg 222w\" sizes=\"auto, (max-width: 450px) 100vw, 450px\" \/><\/figure>\n<\/div>\n\n\n<details class=\"wp-block-details is-layout-flow wp-block-details-is-layout-flow\"><summary>Vertreter in den Gremien: hintere Reihe v.l.n.r: Doreen Krause, 7b (stellvertr. Vorsitzende), Dr. Korinna Schoch, 12e (Mitglied f\u00fcr die Schulkonferenz), Jeanette Angermann, 8b (Delegierte in den Kreiselternrat); vordere Reihe v.l.n.r.: Stephanie Schimmelpfennig, 8d (Mitglied f\u00fcr die Schulkonferenz), Veronika M\u00f6ritz, 11b (Vorsitzende), Kevin Lohde, 6b (Mitglied f\u00fcr die Schulkonferenz)<\/summary>\n<p><\/p>\n<\/details>\n\n\n\n<h4 class=\"wp-block-heading has-text-align-left\">Daf\u00fcr stehen wir:&nbsp;<\/h4>\n\n\n\n<p>Wir gestalten mit unserem Engagement den Lebensort Schule aktiv mit.<\/p>\n\n\n\n<p>Wir setzen uns ergebnisorientiert mit den allt\u00e4glichen Themen der Schule zum Wohle der Schulgemeinschaft auseinander.<\/p>\n\n\n\n<h2 class=\"wp-block-heading has-medium-font-size\">Dabei ist uns wichtig:&nbsp;<\/h2>\n\n\n\n<p><strong>Miteinander zu reden<\/strong><\/p>\n\n\n\n<p>Die Versammlungen des Elternrates, Videokonferenzen, unsere Sprechstunde sowie Treffen mit der Schulleitung, dem Sch\u00fclerrat und unserer Schulsozialarbeiterin sorgen f\u00fcr einen klassen\u00fcbergreifenden Informationsaustausch.&nbsp;<\/p>\n\n\n\n<p><strong>Gemeinsam zu arbeiten<\/strong><\/p>\n\n\n\n<p>Zur Thematisierung der Probleme in den einzelnen Klassen stehen wir im konstruktiven Austausch mit der Schulleitung, den Lehrkr\u00e4ften, dem Sch\u00fclerrat und der Elternschaft.<\/p>\n\n\n\n<p>Wir sind gerne Ideengeber im F\u00f6rderverein des Maria-Merian-Gymnasiums.<\/p>\n\n\n\n<p><strong>Informieren und begleiten<\/strong><\/p>\n\n\n\n<p>Als Vertreter der Elternschaft in den schulischen Gremien, sorgen wir daf\u00fcr, dass wichtige Informationen daraus oder gefasste Beschl\u00fcsse z.B. aus der Schulkonferenz, den Familien bekannt werden.<\/p>\n\n\n\n<p>Wir unterst\u00fctzen die Einbindung der Eltern ins Schulleben u.a. durch die Weitergabe aktueller Informationen und Termine.<\/p>\n\n\n\n<p>Weiterhin liegt uns die Mitgestaltung von schulischen Aktivit\u00e4ten und Veranstaltungen wie dem 0.Elternabend, dem Tag der offenen T\u00fcr, dem p\u00e4dagogischen Tag sehr am Herzen.<\/p>\n\n\n\n<p>Wir stehen den Elternsprechern beim Vorbereiten der Elternabende&nbsp;und Wahlen hilfreich zur Seite.<\/p>\n\n\n\n<hr class=\"wp-block-separator has-alpha-channel-opacity\" \/>\n\n\n\n<p class=\"has-text-align-center has-pale-ocean-gradient-background has-background\">F\u00fcr Ihre Fragen, W\u00fcnsche und Anliegen stehen wir Ihnen&nbsp;gerne unter <strong>elternrat@gymnasium-schkeuditz.de<\/strong> zur Verf\u00fcgung !<\/p>\n\n\n\n<h6 class=\"wp-block-heading\"><\/h6>\n\n\n\n<hr class=\"wp-block-separator has-alpha-channel-opacity\" \/>\n\n\n\n<div class=\"wp-block-buttons is-layout-flex wp-block-buttons-is-layout-flex\">\n<div class=\"wp-block-button aligncenter is-style-outline is-style-outline--1\"><a class=\"wp-block-button__link has-cyan-bluish-gray-background-color has-background wp-element-button\" href=\"https:\/\/www.gymnasium-schkeuditz.de\/wp-content\/uploads\/2023\/01\/Elternrat-Geschaeftsordnung-MMG-28.06.2022.pdf\" style=\"border-radius:6px\" target=\"_blank\" rel=\"noreferrer noopener\">Gesch\u00e4ftsordnung<\/a><\/div>\n<\/div>\n","protected":false},"excerpt":{"rendered":"<p>Den Elternrat bilden die gew\u00e4hlten Elternsprecher der 35 Klassen und Kurse unserer Schule. Die Mitwirkungsrechte der Elternvertretung werden in der Klassenelternvertretung, der Schulkonferenz und im Kreiselternrat ehrenamtlich wahrgenommen. Daf\u00fcr stehen wir:&nbsp; Wir gestalten mit unserem Engagement den Lebensort Schule aktiv mit. Wir setzen uns ergebnisorientiert mit den allt\u00e4glichen Themen der Schule zum Wohle der Schulgemeinschaft auseinander. Dabei ist uns wichtig:&nbsp; [&hellip;]<\/p>\n","protected":false},"author":7,"featured_media":0,"parent":0,"menu_order":0,"comment_status":"closed","ping_status":"closed","template":"","meta":{"footnotes":""},"class_list":["post-124","page","type-page","status-publish","hentry"],"_links":{"self":[{"href":"https:\/\/www.gymnasium-schkeuditz.de\/index.php?rest_route=\/wp\/v2\/pages\/124","targetHints":{"allow":["GET"]}}],"collection":[{"href":"https:\/\/www.gymnasium-schkeuditz.de\/index.php?rest_route=\/wp\/v2\/pages"}],"about":[{"href":"https:\/\/www.gymnasium-schkeuditz.de\/index.php?rest_route=\/wp\/v2\/types\/page"}],"author":[{"embeddable":true,"href":"https:\/\/www.gymnasium-schkeuditz.de\/index.php?rest_route=\/wp\/v2\/users\/7"}],"replies":[{"embeddable":true,"href":"https:\/\/www.gymnasium-schkeuditz.de\/index.php?rest_route=%2Fwp%2Fv2%2Fcomments&post=124"}],"version-history":[{"count":41,"href":"https:\/\/www.gymnasium-schkeuditz.de\/index.php?rest_route=\/wp\/v2\/pages\/124\/revisions"}],"predecessor-version":[{"id":13081,"href":"https:\/\/www.gymnasium-schkeuditz.de\/index.php?rest_route=\/wp\/v2\/pages\/124\/revisions\/13081"}],"wp:attachment":[{"href":"https:\/\/www.gymnasium-schkeuditz.de\/index.php?rest_route=%2Fwp%2Fv2%2Fmedia&parent=124"}],"curies":[{"name":"wp","href":"https:\/\/api.w.org\/{rel}","templated":true}]}}