{"id":114,"date":"2022-11-20T16:12:30","date_gmt":"2022-11-20T15:12:30","guid":{"rendered":"http:\/\/www.gymnasium-schkeuditz.de\/?page_id=114"},"modified":"2025-08-28T14:31:36","modified_gmt":"2025-08-28T12:31:36","slug":"schulsozialarbeit","status":"publish","type":"page","link":"https:\/\/www.gymnasium-schkeuditz.de\/?page_id=114","title":{"rendered":"Schulsozialarbeit"},"content":{"rendered":"\n<div class=\"wp-block-media-text alignwide has-media-on-the-right is-stacked-on-mobile\" style=\"grid-template-columns:auto 38%\"><div class=\"wp-block-media-text__content\">\n<div class=\"wp-block-group is-vertical is-layout-flex wp-container-core-group-is-layout-8cf370e7 wp-block-group-is-layout-flex\">\n<p>\u2026 arbeitet in Kooperation und Abstimmung mit dem Lehrenden und der Schulleitung.&nbsp;<\/p>\n\n\n\n<p>\u2026 ist ein offenes Angebot f\u00fcr Kinder und Jugendliche.&nbsp;<\/p>\n\n\n\n<p>\u2026 beruht auf den Grundprinzipien der Vertraulichkeit und Freiwilligkeit.&nbsp;<\/p>\n\n\n\n<p>\u2026 agiert als Bindeglied zwischen Schule und Einrichtungen der Jugendhilfe.&nbsp;<\/p>\n\n\n\n<p>\u2026 ist eine ganzheitliche, pr\u00e4ventive und lebensweltorientierte F\u00f6rderung.<\/p>\n\n\n\n<p>\u2026 arbeitet als Vernetzung im Sozialraum und vermittelt an weiterf\u00fchrende&nbsp;Angebote z.B. Beratungsstellen.&nbsp;<\/p>\n<\/div>\n<\/div><figure class=\"wp-block-media-text__media\"><img loading=\"lazy\" decoding=\"async\" width=\"1024\" height=\"999\" src=\"https:\/\/www.gymnasium-schkeuditz.de\/wp-content\/uploads\/2025\/08\/Wortwolke_Schulsozialarbeit-1-1024x999.png\" alt=\"\" class=\"wp-image-13028 size-full\" srcset=\"https:\/\/www.gymnasium-schkeuditz.de\/wp-content\/uploads\/2025\/08\/Wortwolke_Schulsozialarbeit-1-1024x999.png 1024w, https:\/\/www.gymnasium-schkeuditz.de\/wp-content\/uploads\/2025\/08\/Wortwolke_Schulsozialarbeit-1-300x293.png 300w, https:\/\/www.gymnasium-schkeuditz.de\/wp-content\/uploads\/2025\/08\/Wortwolke_Schulsozialarbeit-1-768x749.png 768w, https:\/\/www.gymnasium-schkeuditz.de\/wp-content\/uploads\/2025\/08\/Wortwolke_Schulsozialarbeit-1.png 1077w\" sizes=\"auto, (max-width: 1024px) 100vw, 1024px\" \/><\/figure><\/div>\n\n\n\n<h2 class=\"wp-block-heading has-medium-font-size\">Angebote an unserer Schule<\/h2>\n\n\n\n<ul class=\"wp-block-list\">\n<li>Beratung f\u00fcr Sch\u00fcler*innen, Eltern und Lehrende&nbsp;<\/li>\n\n\n\n<li>sozialp\u00e4dagogische Gruppenarbeit&nbsp;<\/li>\n\n\n\n<li>Klassenprojekte&nbsp;<\/li>\n\n\n\n<li>Streitschlichtung&nbsp;<\/li>\n\n\n\n<li>themenbezogene Projektarbeit&nbsp;<\/li>\n\n\n\n<li>Pr\u00e4ventionsarbeit&nbsp;<\/li>\n\n\n\n<li>Weitervermittlung und Begleitung zu au\u00dferschulischen Hilfsangeboten und \u00c4mtern&nbsp;<\/li>\n\n\n\n<li>Begleitung bei schulischen und au\u00dferschulischen Veranstaltungen&nbsp;<\/li>\n\n\n\n<li>Kooperation und Vernetzung im Gemeinwesen&nbsp;<\/li>\n<\/ul>\n\n\n\n<h2 class=\"wp-block-heading has-medium-font-size\">Kontakt<\/h2>\n\n\n\n<div class=\"wp-block-media-text alignwide is-stacked-on-mobile\" style=\"grid-template-columns:28% auto\"><figure class=\"wp-block-media-text__media\"><img loading=\"lazy\" decoding=\"async\" width=\"605\" height=\"816\" src=\"https:\/\/www.gymnasium-schkeuditz.de\/wp-content\/uploads\/2022\/11\/Foto_Mira.jpg\" alt=\"\" class=\"wp-image-116 size-full\" srcset=\"https:\/\/www.gymnasium-schkeuditz.de\/wp-content\/uploads\/2022\/11\/Foto_Mira.jpg 605w, https:\/\/www.gymnasium-schkeuditz.de\/wp-content\/uploads\/2022\/11\/Foto_Mira-222x300.jpg 222w\" sizes=\"auto, (max-width: 605px) 100vw, 605px\" \/><\/figure><div class=\"wp-block-media-text__content\">\n<p><strong>Mira Jasef&nbsp;<\/strong><\/p>\n\n\n\n<p>Tel: 0160 94460527&nbsp;<\/p>\n\n\n\n<p>E-Mail: mira.jasef@faw.de&nbsp;<\/p>\n\n\n\n<p><strong>Sprechzeiten&nbsp;<\/strong><\/p>\n\n\n\n<p>Montag bis Freitag von 7:45 bis 13:30 Uhr<\/p>\n\n\n\n<p>sowie nach Vereinbarung im Raum 206.<\/p>\n<\/div><\/div>\n\n\n\n<h2 class=\"wp-block-heading has-medium-font-size\">Tr\u00e4ger des Projekts<\/h2>\n\n\n\n<p>Die Schulsozialarbeit wird durch die Bereitstellung von Haushaltsmitteln des S\u00e4chsischen Staatsministeriums f\u00fcr Soziales und Gesellschaftlichen Zusammenhalt sowie des Landratsamtes\/Jugendamt Nordsachsen finanziert.<\/p>\n\n\n\n<p style=\"font-style:normal;font-weight:200;text-decoration:none\"><a rel=\"noreferrer noopener\" href=\"https:\/\/www.faw.de\/leipzig\" target=\"_blank\">Fortbildungsakademie der Wirtschaft(FAW) Leipzig GmbH<\/a><\/p>\n\n\n\n<p><\/p>\n","protected":false},"excerpt":{"rendered":"<p>Angebote an unserer Schule Kontakt Mira Jasef&nbsp; Tel: 0160 94460527&nbsp; E-Mail: mira.jasef@faw.de&nbsp; Sprechzeiten&nbsp; Montag bis Freitag von 7:45 bis 13:30 Uhr sowie nach Vereinbarung im Raum 206. Tr\u00e4ger des Projekts Die Schulsozialarbeit wird durch die Bereitstellung von Haushaltsmitteln des S\u00e4chsischen Staatsministeriums f\u00fcr Soziales und Gesellschaftlichen Zusammenhalt sowie des Landratsamtes\/Jugendamt Nordsachsen finanziert. Fortbildungsakademie der Wirtschaft(FAW) Leipzig GmbH<\/p>\n","protected":false},"author":3,"featured_media":0,"parent":0,"menu_order":0,"comment_status":"closed","ping_status":"closed","template":"","meta":{"footnotes":""},"class_list":["post-114","page","type-page","status-publish","hentry"],"_links":{"self":[{"href":"https:\/\/www.gymnasium-schkeuditz.de\/index.php?rest_route=\/wp\/v2\/pages\/114","targetHints":{"allow":["GET"]}}],"collection":[{"href":"https:\/\/www.gymnasium-schkeuditz.de\/index.php?rest_route=\/wp\/v2\/pages"}],"about":[{"href":"https:\/\/www.gymnasium-schkeuditz.de\/index.php?rest_route=\/wp\/v2\/types\/page"}],"author":[{"embeddable":true,"href":"https:\/\/www.gymnasium-schkeuditz.de\/index.php?rest_route=\/wp\/v2\/users\/3"}],"replies":[{"embeddable":true,"href":"https:\/\/www.gymnasium-schkeuditz.de\/index.php?rest_route=%2Fwp%2Fv2%2Fcomments&post=114"}],"version-history":[{"count":12,"href":"https:\/\/www.gymnasium-schkeuditz.de\/index.php?rest_route=\/wp\/v2\/pages\/114\/revisions"}],"predecessor-version":[{"id":13029,"href":"https:\/\/www.gymnasium-schkeuditz.de\/index.php?rest_route=\/wp\/v2\/pages\/114\/revisions\/13029"}],"wp:attachment":[{"href":"https:\/\/www.gymnasium-schkeuditz.de\/index.php?rest_route=%2Fwp%2Fv2%2Fmedia&parent=114"}],"curies":[{"name":"wp","href":"https:\/\/api.w.org\/{rel}","templated":true}]}}

<div class="wp-block-media-text alignwide has-media-on-the-right is-stacked-on-mobile" style="grid-template-columns:auto 38%"><div class="wp-block-media-text__content">
<div class="wp-block-group is-vertical is-layout-flex wp-container-core-group-is-layout-8cf370e7 wp-block-group-is-layout-flex">
<p>… arbeitet in Kooperation und Abstimmung mit dem Lehrenden und der Schulleitung.&nbsp;</p>



<p>… ist ein offenes Angebot für Kinder und Jugendliche.&nbsp;</p>



<p>… beruht auf den Grundprinzipien der Vertraulichkeit und Freiwilligkeit.&nbsp;</p>



<p>… agiert als Bindeglied zwischen Schule und Einrichtungen der Jugendhilfe.&nbsp;</p>



<p>… ist eine ganzheitliche, präventive und lebensweltorientierte Förderung.</p>



<p>… arbeitet als Vernetzung im Sozialraum und vermittelt an weiterführende&nbsp;Angebote z.B. Beratungsstellen.&nbsp;</p>
</div>
</div><figure class="wp-block-media-text__media"><img loading="lazy" decoding="async" width="1024" height="999" src="https://www.gymnasium-schkeuditz.de/wp-content/uploads/2025/08/Wortwolke_Schulsozialarbeit-1-1024x999.png" alt="" class="wp-image-13028 size-full" srcset="https://www.gymnasium-schkeuditz.de/wp-content/uploads/2025/08/Wortwolke_Schulsozialarbeit-1-1024x999.png 1024w, https://www.gymnasium-schkeuditz.de/wp-content/uploads/2025/08/Wortwolke_Schulsozialarbeit-1-300x293.png 300w, https://www.gymnasium-schkeuditz.de/wp-content/uploads/2025/08/Wortwolke_Schulsozialarbeit-1-768x749.png 768w, https://www.gymnasium-schkeuditz.de/wp-content/uploads/2025/08/Wortwolke_Schulsozialarbeit-1.png 1077w" sizes="auto, (max-width: 1024px) 100vw, 1024px" /></figure></div>



<h2 class="wp-block-heading has-medium-font-size">Angebote an unserer Schule</h2>



<ul class="wp-block-list">
<li>Beratung für Schüler*innen, Eltern und Lehrende&nbsp;</li>



<li>sozialpädagogische Gruppenarbeit&nbsp;</li>



<li>Klassenprojekte&nbsp;</li>



<li>Streitschlichtung&nbsp;</li>



<li>themenbezogene Projektarbeit&nbsp;</li>



<li>Präventionsarbeit&nbsp;</li>



<li>Weitervermittlung und Begleitung zu außerschulischen Hilfsangeboten und Ämtern&nbsp;</li>



<li>Begleitung bei schulischen und außerschulischen Veranstaltungen&nbsp;</li>



<li>Kooperation und Vernetzung im Gemeinwesen&nbsp;</li>
</ul>



<h2 class="wp-block-heading has-medium-font-size">Kontakt</h2>



<div class="wp-block-media-text alignwide is-stacked-on-mobile" style="grid-template-columns:28% auto"><figure class="wp-block-media-text__media"><img loading="lazy" decoding="async" width="605" height="816" src="https://www.gymnasium-schkeuditz.de/wp-content/uploads/2022/11/Foto_Mira.jpg" alt="" class="wp-image-116 size-full" srcset="https://www.gymnasium-schkeuditz.de/wp-content/uploads/2022/11/Foto_Mira.jpg 605w, https://www.gymnasium-schkeuditz.de/wp-content/uploads/2022/11/Foto_Mira-222x300.jpg 222w" sizes="auto, (max-width: 605px) 100vw, 605px" /></figure><div class="wp-block-media-text__content">
<p><strong>Mira Jasef&nbsp;</strong></p>



<p>Tel: 0160 94460527&nbsp;</p>



<p>E-Mail: mira.jasef@faw.de&nbsp;</p>



<p><strong>Sprechzeiten&nbsp;</strong></p>



<p>Montag bis Freitag von 7:45 bis 13:30 Uhr</p>



<p>sowie nach Vereinbarung im Raum 206.</p>
</div></div>



<h2 class="wp-block-heading has-medium-font-size">Träger des Projekts</h2>



<p>Die Schulsozialarbeit wird durch die Bereitstellung von Haushaltsmitteln des Sächsischen Staatsministeriums für Soziales und Gesellschaftlichen Zusammenhalt sowie des Landratsamtes/Jugendamt Nordsachsen finanziert.</p>



<p style="font-style:normal;font-weight:200;text-decoration:none"><a rel="noreferrer noopener" href="https://www.faw.de/leipzig" target="_blank">Fortbildungsakademie der Wirtschaft(FAW) Leipzig GmbH</a></p>



<p></p>

<p>Angebote an unserer Schule Kontakt Mira Jasef&nbsp; Tel: 0160 94460527&nbsp; E-Mail: mira.jasef@faw.de&nbsp; Sprechzeiten&nbsp; Montag bis Freitag von 7:45 bis 13:30 Uhr sowie nach Vereinbarung im Raum 206. Träger des Projekts Die Schulsozialarbeit wird durch die Bereitstellung von Haushaltsmitteln des Sächsischen Staatsministeriums für Soziales und Gesellschaftlichen Zusammenhalt sowie des Landratsamtes/Jugendamt Nordsachsen finanziert. Fortbildungsakademie der Wirtschaft(FAW) Leipzig GmbH</p>
